-13991*l - 615 = -13992*l. What is the highest common divisor of 369 and l?
123
Suppose 2*f = w + 748, f + 4*w = 6*w + 377. Let d = -345 + f. Calculate the highest common divisor of d and 308.
28
Let w be (-9*10/30)/((-2)/274). Let i = w - 370. Calculate the highest common factor of 1 and i.
1
Suppose 80*m + 57*m + 92752 = -126*m + 439*m. Suppose 143 = 5*d - 3*w, -3*d - 6 + 79 = -5*w. What is the highest common factor of m and d?
31
Let c = -88 + 79. Let m be (112*(c/(-2))/(-9))/(-1). Calculate the highest common divisor of 126 and m.
14
Let d = 35126 - 35104. Suppose -5*v + 60 = 3*a, 0 = -3*a - 0*a. Let b be (8/v)/(2/33). What is the greatest common factor of b and d?
11
Suppose -46*b + 361 + 651 = 0. What is the highest common divisor of 66 and b?
22
Let q(g) = 25*g**2 - 20*g + 12. Let n be q(6). Suppose 0 = 31*d - 9*d - n. Calculate the greatest common factor of 99 and d.
9
Suppose -7*r = -23 - 5. Suppose 3*p + r*m = 121, -5*m + 11 = -2*p + 84. What is the greatest common divisor of p and 247?
13
Suppose 0 = 469*h - 1115*h + 42636. Calculate the highest common divisor of 11418 and h.
66
Suppose -227*b - 9394 + 34923 = -7386. What is the highest common divisor of b and 261?
29
Suppose 5*z = -911 + 2321. Calculate the highest common divisor of 2068 and z.
94
Suppose -4*t - 220 = -j, 0 = -7*j + 28*t - 29*t + 1830. Let a be -3*2*20/(-6). Calculate the greatest common factor of j and a.
20
Let l(o) = -11*o**2 + 736*o + 97. Let y be l(67). Calculate the highest common divisor of 7680 and y.
30
Let o(m) = 18*m - 88. Suppose -5*u + 5*s + 65 = 0, -5*s = 2*u - 6*u + 50. Let f be o(u). Calculate the highest common divisor of 156 and f.
26
Suppose 34*z - 74860 = -3154. What is the greatest common factor of z and 57?
57
Suppose -q + 15 = 4*p, 0 = -2*p - 3*q - 9 + 4. Suppose -9*h + p*l + 23 = -6*h, 0 = -5*h - 3*l - 7. Calculate the greatest common divisor of h and 49.
1
Let p = 694 - 316. Let k = 5922 + -5814. What is the highest common divisor of k and p?
54
Let g = -114 + 119. Suppose -g*b + 547 = 4*q, -5*q + b = -0*b - 662. Calculate the greatest common divisor of 38 and q.
19
Let j(h) = -50*h + 40. Let n be j(-2). What is the highest common divisor of 540 and n?
20
Let k(v) = -6*v**3 + 12*v + 2679. Let o be k(0). Calculate the highest common divisor of 76 and o.
19
Suppose -2*k = -2*m - 284 + 62, -k + 3*m = -115. Suppose 2*r + 25 - k = 0. What is the greatest common divisor of 84 and r?
42
Let v(r) = 12*r - 64. Let p be v(10). Let j = p + -64. Let f be ((-2)/j)/((-16)/(-320)). What is the highest common factor of f and 100?
5
Let z = -39 - -37. Let u(o) = -7*o - 6. Let h be u(z). Suppose -w - 4 + 64 = -2*x, 0 = 2*w + 4*x - 104. Calculate the greatest common factor of h and w.
8
Let x be (-4)/(-10)*(3412 - -98). What is the highest common divisor of 1287 and x?
117
Let t be (-105)/(19 - 2 - 18)*(-1)/(-1). Let h be 12/(1 + 134/(-140)). What is the highest common divisor of t and h?
35
Let i(a) = -a**3 + 14*a**2 - 12*a - 6. Let v be i(13). Suppose v*b - 120 = -b. Suppose -14 = -b*d + 8*d. Calculate the greatest common divisor of 3 and d.
1
Suppose -448*i + 365*i + 664 = 0. What is the highest common divisor of 1612 and i?
4
Suppose 61618*t - 61640*t + 49984 = 0. Calculate the greatest common factor of t and 71.
71
Suppose -5*m + 2*w + 1064 + 279 = 0, 4*w + 817 = 3*m. Suppose 35*b - m - 1308 = 0. Calculate the greatest common divisor of b and 585.
45
Suppose -2184 = 26*y - 65*y. What is the greatest common factor of y and 182?
14
Let s(t) = 5*t**3 + 2*t**2 - 6*t + 49. Let n be s(4). What is the greatest common divisor of 234 and n?
13
Let s be ((-275)/(-88))/25 + 1278/16. Suppose 2*p - 29 = 3. What is the greatest common factor of s and p?
16
Let i(u) = 3*u**2 + 8*u - 6. Let s be i(6). Let t be (-6)/8*(-4)/6*44. Let c = 8 + t. What is the highest common divisor of s and c?
30
Let o = -3290 - -3323. Calculate the highest common factor of 2937 and o.
33
Let x be 1122 - (2 - 5) - -3. Suppose 0 = 5*a - x + 328. What is the greatest common factor of 60 and a?
20
Suppose 6720 = 9*u + 5*u. Suppose -22*o + u = -18*o. Let k = o - 101. Calculate the greatest common factor of 19 and k.
19
Suppose -4*s + p = -152, 0*p = 4*p. Let l = -129 + s. Let o be (-1)/((-1)/l*-1). Calculate the greatest common factor of o and 7.
7
Let t = 34179 + -33765. Calculate the greatest common factor of t and 897.
69
Let n be (-2944356)/(-3537) + (-4)/9 + 0 - 4. Calculate the highest common factor of n and 1380.
276
Let r(v) be the third derivative of -9*v**4/4 - 39*v**3/2 - 4*v**2 - 8. Let p be r(-4). Calculate the greatest common divisor of p and 55.
11
Let q(s) = -2*s**2 - 24*s - 35. Let p be q(-10). Suppose -5*g + 7 = 2*a + 12, g = p*a + 26. What is the greatest common divisor of 25 and g?
1
Suppose -31 = -y + 5*k, -5*k = -3*y + 14 + 39. Suppose -24*m - 3 = -2907. What is the highest common divisor of y and m?
11
Let h(f) = -f**3 + 2*f**2 + 105*f + 249. Let i be h(0). What is the greatest common divisor of i and 43077?
249
Suppose 43*i - 26161 = 40*i + 4*d, 0 = i + d - 8704. Calculate the highest common factor of i and 1124.
281
Suppose -4*y + 4396 = 12*y + 2828. What is the highest common factor of y and 546?
14
Suppose -4*z - 220 = -5*r - 57, 3*z - 9 = 0. What is the greatest common factor of r and 2471?
7
Let d(r) = -r**3 + 36*r**2 + 41*r - 64. Let h be d(37). Let i = 56 + -28. What is the highest common divisor of h and i?
28
Suppose -46*l = -39*l - 665. Let x be (-171145)/(-247) + 10/l. What is the highest common factor of x and 77?
77
Let a = 50 + 9. Let g = -38 + a. Suppose -g = -3*j + 9. Calculate the highest common factor of j and 40.
10
Let r(x) = 154*x + 3019. Let y be r(65). Calculate the greatest common divisor of 129 and y.
129
Let a = -421 + 619. Let k = a - 176. What is the greatest common factor of 110 and k?
22
Let f be (-17)/(-2) - (-1)/(-2). Suppose -24 = 2*x + x. Let r be x/(-2)*18 + 0. What is the greatest common divisor of f and r?
8
Suppose 4*v + 286 = 3*f + 1066, -3*v - f + 598 = 0. Let u = -103 - -147. Calculate the greatest common divisor of u and v.
22
Let o be 20/(-11 + 8 - -4). What is the greatest common factor of o and 1150?
10
Suppose -4*d = 2*w - 14368, 244*w - 5*d + 35955 = 249*w. Calculate the highest common factor of w and 122.
122
Suppose -64*z + 57*z = 1232. Let u = 199 + z. Let c be 1/4 + 91/4. Calculate the highest common divisor of u and c.
23
Let b be -4*(7 + 42/(-4)). Suppose -b*w = 3*v - 12*w - 112, -3*w + 68 = 2*v. What is the greatest common factor of v and 80?
40
Let v be 4029 - ((-1)/(-2))/(75/(-1650)). Calculate the greatest common factor of v and 25.
5
Let x be 79*((-1380)/(-5) + -14). Calculate the highest common factor of x and 158.
158
Suppose -2*d - 2*q + 298 - 10 = 0, -5*d + 4*q + 711 = 0. What is the highest common factor of d and 1664?
13
Let h be 1/(-1) - (-39)/13. Suppose 3*m - 196 = h. Let c be ((-3)/6)/((-1)/12). Calculate the highest common divisor of m and c.
6
Suppose 0 = 3*z + p - 40580, -5*z + 67610 = -35*p + 32*p. What is the greatest common factor of z and 50?
25
Suppose 4*y - 11560 = -6*d, -y + 14450 = 4*y + 5*d. What is the greatest common factor of 10 and y?
10
Suppose 0 = 12*i - 800 - 2296. Let m = i - 81. Calculate the highest common divisor of m and 295.
59
Suppose 4*z + 2*u - 42922 = 0, 8978 = 3*z + 4*u - 23216. What is the greatest common divisor of z and 185?
185
Let d(l) = l**2 - 20*l + 117. Let i be d(22). What is the highest common divisor of 23 and i?
23
Suppose 0 = -73*r + 39*r + 1173 + 27115. Calculate the greatest common factor of 13 and r.
13
Suppose 21*t + 122 = 2*j + 17*t, -t - 258 = -4*j. Suppose 0 = 8*g - 52 - 28. Calculate the highest common factor of j and g.
5
Suppose 5*d = 5*k + 1107 + 1848, 6 = -2*k. Calculate the highest common factor of d and 3577.
49
Suppose -6*u = 6, 2*g - 5*u = -7*u + 102. What is the highest common factor of 14 and g?
2
Let u = 642 - 642. Suppose 2*r - 6*r = -8. Suppose b + u*b = r. What is the greatest common factor of 2 and b?
2
Let i(w) = 101*w**2 - 146*w + 293. Let x be i(2). Calculate the greatest common factor of x and 2295.
135
Suppose 4*n - d = 6855, -30 = 27*d - 33*d. What is the greatest common divisor of n and 35?
35
Suppose -z = -3, -b + 0*b + 3*z = 5